e first derivative of -13*n**2/2 + 5*n - 3. Is v(-6) prime?
True
Suppose 6*y = 8782 + 27872. Is y composite?
True
Let k = 775 - 738. Is k a composite number?
False
Let s be -1*2*(-685)/10. Let m = -25 + 30. Suppose -2*h + 127 + 13 = d, d = -m*h + s. Is d composite?
True
Let n = -7 + 7. Suppose n*y - 1354 = -2*y. Is y a prime number?
True
Suppose -h = 4*z - 20, -4*h + z + 2*z = -137. Suppose -2*f + 4*x + h = 3*f, -17 = -2*f + 3*x. Let o(a) = 4*a**2 + 8*a - 9. Is o(f) a prime number?
False
Suppose 17*b - 175086 = -b. Is b a prime number?
False
Is 24/84 + 24548/28 a prime number?
True
Suppose 3972 + 198018 = 30*v. Is v prime?
True
Let h be (2 - (-10)/(-6))*9. Suppose 555 = h*v - 666. Is v a prime number?
False
Let k(q) = -2*q**3 - 9*q**2 - 20*q + 20. Suppose 3*a - 5*l = -17, 2*a - 3*l + 30 = -2*a. Is k(a) prime?
True
Suppose -v - 4 + 1 = 0. Is 31 - ((v - 0) + (4 - 4)) a composite number?
True
Suppose -102*z = -110*z + 55928. Is z a composite number?
False
Let h be 4/2*495/(-6). Let s = h + 61. Let b = -49 - s. Is b composite?
True
Let i = 134 - 105. Let w = i - -4. Is w a composite number?
True
Let g(o) = 421*o**2 + 5*o - 4. Is g(1) prime?
False
Is ((-55)/(-33))/5*41343 composite?
False
Let k(u) be the second derivative of u**5/20 - 5*u**4/12 - u**3 - 5*u**2 + 4*u. Let t(o) = o**3 + 9*o**2 - 12*o - 13. Let d be t(-10). Is k(d) a prime number?
False
Let y be 48382/8 + 33/(-44). Suppose 0 = -4*v - 5*s + 2*s + 12067, y = 2*v - 3*s. Is v prime?
True
Suppose -c = -5*c + n + 3, 2*c + 11 = 3*n. Suppose -4*t - c*y = -802, 4*t + 183 = 5*t + 4*y. Is t a prime number?
False
Let n = -12 + 15. Suppose 5*u - n*u - 20 = 0. Let d(p) = 3*p**2 + 2*p + 11. Is d(u) composite?
False
Suppose -3*i - 5*p = -51855, -44085 = -5*i - 3*p + 42340. Is i a composite number?
True
Is (-1)/(-3) + (-6306)/(-9) prime?
True
Suppose 18*l = 2*d + 19*l - 19091, 5*d + l - 47732 = 0. Is d composite?
False
Suppose 4*q = 3*b - 3102 - 49283, -b - 3*q + 17440 = 0. Is b prime?
False
Suppose 2535 = -26*d + 793. Suppose -3*c - 788 = 2*c + 2*s, -4*c + 2*s - 634 = 0. Let h = d - c. Is h a composite number?
True
Suppose 19*l - 211282 = 236149. Is l a prime number?
True
Suppose 4*y = -2*o + 17174, y + 5*o - 697 - 3610 = 0. Suppose 5*v = v + y. Is v a prime number?
False
Let q be (-4)/(-6) - 32/3. Let l be 2/(-3)*2685/q. Let g = -112 + l. Is g composite?
False
Let d = -6408 + 34837. Is d composite?
False
Let x(z) = 3*z - 6. Let b be x(0). Is 166 - 0 - 0/(b - -2) a composite number?
True
Suppose 64 + 780 = 4*w. Let x(g) = -g**3 + 15*g**2 + 4. Let j be x(15). Suppose -3*a - 5*d + 781 = a, w = a - j*d. Is a a composite number?
False
Suppose 5*t + 76 = -4. Is 1/(-2) + (-6456)/t prime?
False
Suppose -55 = 2*b + 57. Let x = b - -2515. Is x prime?
True
Suppose -4*i - 2*m - 19 = 7, 3*i + m + 19 = 0. Is 7/4*1006 + (-3)/i composite?
True
Suppose 0 = -2*f + 7*f. Suppose f = 2*x - 3*t - 412, -5*x + t + 2*t + 1021 = 0. Is x composite?
True
Suppose o - 3*o - q = 13, 0 = -3*o + 5*q. Let f(c) = 11*c**2 - 3*c - 3. Is f(o) prime?
False
Suppose 26*b - 4420 = 9*b. Suppose 2*m + 3*m = 1010. Suppose 5*d - q - b = 0, -4*d - 15 = -5*q - m. Is d a composite number?
False
Is 5/((-5)/(-13414)) + -3 - 0 a prime number?
True
Let q = 66912 - 34771. Is q prime?
True
Let x = 67 - -4620. Is x prime?
False
Let b(c) = -1642*c**2 - 3*c - 2. Let a be b(-1). Let g = a + 2494. Is g a composite number?
False
Suppose -4*h = -3*p - 610, 3*h - p - 463 = 4*p. Let v = 328 - h. Is v composite?
True
Let t = 17815 - 12458. Is t a composite number?
True
Let y(i) = -2*i**3 + 3*i**2 + 4*i + 8. Let g be y(-5). Suppose 5*j - 202 = -2*k + 436, -k + g = j. Is k a prime number?
False
Let i = -885 - -1651. Is i a prime number?
False
Suppose 3*d = 4*d. Suppose 5*m - o - 18 = d, -5*m = -m + 4*o. Suppose i - m*i + 242 = 0. Is i prime?
False
Let j(c) = 10*c**3 - c**2 - c. Let m be j(-1). Let r be (-505 - -5) + -2 + 2. Is r/m + 4 + -1 a composite number?
False
Let d(p) be the third derivative of 0*p + 0 + 1465/6*p**3 - 1/24*p**4 + 8*p**2. Is d(0) prime?
False
Let v = -2458 + 8669. Is v composite?
False
Suppose 0 = l + 4*s - 19271, 8*l + 2*s = 3*l + 96319. Is l composite?
True
Is ((-28483)/(-42))/(3/18) a prime number?
False
Let x(w) = 1 - 8 + 168*w + 60*w. Suppose 0 = -6*d + 41 - 23. Is x(d) a composite number?
False
Let t = -31051 - -43949. Is t composite?
True
Let n = -39 + 59. Let g = 303 - n. Suppose 2*w = -4*m + 194, -2*m - g = 5*w - 8*w. Is w a prime number?
False
Let s be (-26)/(-6) + 21/(-63). Suppose -2*d + 30 = d. Suppose -398 = -s*f - d. Is f composite?
False
Suppose 20119 = 9*r - 12236. Is r a composite number?
True
Suppose 79 = 5*f - 3*n - 426, 2*f + 2*n - 186 = 0. Suppose -f = -2*t - 4*u, 5*t - 2*u = 62 + 219. Let b = -2 + t. Is b a prime number?
True
Suppose 281 = 2*r - 495. Let h(z) = -z**3 + 4*z**2 - 2*z + 2. Let n be h(3). Suppose n*t - 1503 + r = 0. Is t a composite number?
False
Let v = 50995 + -8753. Is v a prime number?
False
Suppose 7*g = -39*g + 2477054. Is g prime?
True
Let k = -1294 + 4671. Is k a prime number?
False
Suppose -27*o + 4011 = -24*o. Is o a prime number?
False
Suppose -4*w - 16 = 0, -3*q - w + 824 = q. Suppose -q - 126 = -3*u. Is u a prime number?
False
Let j be 86945/20 - (0 + (-6)/8). Suppose -2*k - 2*k = -j. Is k a composite number?
False
Let a(z) = -61*z**3 - 3*z**2 + z - 2. Is a(-5) prime?
False
Suppose 8*d - 7511 = d. Is d*1/(-3)*-3 composite?
True
Let g(z) = -z**3 + 8*z**2 - 6*z + 7. Let a = -10 + 7. Let i be (a/(3/14))/(-2). Is g(i) a prime number?
False
Suppose -2*p + 25 = -5*r + 5, -5*p + 16 = -4*r. Suppose p = -b - 0*b + 254. Suppose 4*n - b - 134 = 0. Is n composite?
False
Let q = -93 - -96. Suppose -q*u - 1369 = -4*u. Is u composite?
True
Let i be 6/27 - (-129)/27. Suppose i*t = -8 + 38. Suppose t*j - 3*j = 561. Is j prime?
False
Let y = 18 - 13. Suppose 5*k - f + y*f = 1922, k - 388 = -2*f. Suppose k = 2*r - 0*r. Is r composite?
False
Let f(a) = a**3 + a**2 - 4*a + 3. Let h be f(2). Let q(c) = -4*c**3 + 4*c**2 - 12. Let g(w) = -w**3 + w - 1. Let n(d) = 3*g(d) - q(d). Is n(h) a prime number?
False
Suppose -4*h - 28 = -84. Let l be (-2)/8 + (-1)/(-4). Suppose -s - s + h = l. Is s a prime number?
True
Let x(d) = -d**3 + 11*d**2 + d - 3. Let u = 32 - 21. Let l be x(u). Is (-6)/(-12) + 148/l composite?
False
Suppose -4 = -5*b + 11. Is 1 - b - (-573 - -20) composite?
True
Suppose 2*f - 8 = 4*u, -u - 20 = 3*f - 8*f. Suppose f*s = 54 - 182. Is 127/(-2)*s/16 a composite number?
False
Let f(v) = -712*v + 243. Is f(-14) prime?
True
Let i = -47 + 47. Suppose -3*x = -5*d - 6, 3*x = d - 1 + 7. Suppose -x*h = y - 70, 3*y = -i*h + 3*h - 105. Is h a prime number?
False
Is -4 + 4/6 + (-3013944)/(-72) prime?
False
Suppose -310 + 390 = 10*l. Let t(s) = 20*s - 6. Let f(d) = -30*d + 9. Let p(b) = -5*f(b) - 7*t(b). Is p(l) prime?
False
Suppose 0 = 7*z - 4*z + 6. Let a = -4 - z. Is ((-174)/4)/(1/a) composite?
True
Let a(y) = -4*y - 6*y**2 + 17*y**2 + 9 + y**3 + 0*y**3. Is a(-11) a prime number?
True
Suppose 5*g - 20780 = -2385. Is g a prime number?
False
Let m be -2*1 + (-4)/(-2). Let i(q) = q**3 - q**2 + 2*q - 4. Let g be i(m). Is g*2/(-4) - -401 composite?
True
Suppose 13*b + 5*b - 303678 = 0. Is b a composite number?
False
Let r be (1/2)/(2/4). Let m be (-2)/r + -2 + 222. Suppose 2*l - c = m + 253, 3*l = 3*c + 702. Is l a composite number?
True
Let d(a) be the first derivative of a**3/6 + 15*a**2/2 + 8*a + 7. Let w(z) be the first derivative of d(z). Is w(0) composite?
True
Let o be (-2 + -3)*(-2 + (2 - 1)). Let z(r) = 14*r**2 - 31. Is z(o) composite?
True
Suppose 2*m = -2*m + 58840. Suppose -10*k = -0*k - m. Is k a composite number?
False
Let y(h) = -h**2 - 9*h - 4. Let j be y(-8). Suppose 234 = j*k + 602. Let o = k - -129. Is o a composite number?
False
Is 700 - 5 - (-5 - -3) a prime number?
False
Let i(v) = -v**3 + v**2 - 6*v - 8. Let c be i(-4). Is 610/14 + -1 - c/(-224) prime?
True
Suppose 8*u + 39379 = 122483. Suppose 6*b = u - 680. Is b a prime number?
False
Let r be 2/3 - 2/3. Let c = r + 379. Is c a prime number?
True
Let c be -1*4/(16/(-28)). Suppose 61 = c*y - 1990. Is y composite?
False
Is 3 + (-15798)/((-18)/6) composite?
True
Suppose 17 - 29 = -2*s. Let u be 4/s*(-1 + -8). Let m(i) = -66*i - 5. Is m(u) a compo